eatest common factor of t and 78?
78
Suppose -3*x = -4*x - 4. Let m be (2 + -1)/(x - -3). Let q be -58*(-15)/20 + m/(-2). Calculate the highest common factor of 66 and q.
22
Suppose -b - 308 + 317 = 3*u, 2*u = 4*b - 22. Suppose -4*o + 695 = -385. Suppose -4*v - 78 = -o. What is the highest common divisor of v and b?
6
Let i = 54 + -30. Suppose 8392 = 11*g - 38072. Suppose 0 = -16*p - 0*p + g. Calculate the highest common divisor of i and p.
24
Let v = 9245 + -9173. Calculate the highest common factor of 270 and v.
18
Let x(y) = -y**2 + 29*y - 154. Let p be x(19). Let l be ((-56)/20)/(-3*4/540). Calculate the greatest common factor of l and p.
18
Let b be (88/16)/(1/6) - 5. Suppose -270 = -b*i + 19*i. Suppose 5*f = 5*k - 75, 3*f + 32 = 2*k - 3. Calculate the highest common divisor of k and i.
10
Let p be (-12)/96 + (-23751)/(-56). Calculate the highest common factor of 159 and p.
53
Suppose 2*q - n = -2, 5*q = 2*n + n - 6. Suppose 14*j - 37*j + 621 = q. Calculate the greatest common divisor of j and 15.
3
Let m(q) = -7*q - 121. Let x be m(-16). Let v(u) = u**3 + 9*u**2 - 4*u - 22. Let o be v(x). What is the highest common divisor of 42 and o?
14
Suppose 0 = 7*v + 5*v - 48. Suppose v + 381 = 7*r. What is the highest common factor of 20 and r?
5
Suppose 2904 = 53*b - 31*b. Suppose -p + 17 = 2*h - 35, 3*p - b = -5*h. What is the highest common divisor of 24 and h?
24
Let c(u) = -158*u + 4445. Let k be c(-11). What is the highest common factor of k and 458?
229
Suppose 15*r - 720 = -21*r. Suppose 0 = -r*p - 91 + 291. What is the highest common factor of p and 90?
10
Let j be (8 - -2)/(30/765). Suppose -j + 102 = -17*f. What is the highest common factor of 15 and f?
3
Suppose 729 = 3*h - 5*d, 11*h = 16*h + 2*d - 1215. What is the greatest common factor of 108 and h?
27
Let k(r) be the third derivative of r**4/4 - 11*r**3/2 + 2*r**2 - 27. Let d be k(11). What is the highest common divisor of 363 and d?
33
Let c be ((-16)/(-3) - 5)/(2/450). Let t be (350*1)/((-15)/((-90)/12)). What is the highest common factor of t and c?
25
Let g be (0 - 1) + 0 + 309. Let j(z) = 2204*z + 90371. Let m be j(-41). What is the greatest common divisor of m and g?
7
Suppose -12 = -4*x, 3*k = 18*x - 13*x + 1761. Suppose -2*y - 472 = -4*z, -5*z - 4*y = -6*y - k. What is the highest common divisor of 105 and z?
15
Suppose 0 = 36*h - 41*h + 140. Let y(z) = 9*z + 143. Let k be y(-15). Calculate the greatest common divisor of k and h.
4
Suppose 14*v - 544 = 6*v. Calculate the greatest common factor of 1224 and v.
68
Suppose 3*k - 9 = 12. Let z(c) = c**3 + 6*c**2 + 8*c + 6. Let q be z(-4). Suppose -17 + 59 = q*u. Calculate the greatest common factor of u and k.
7
Suppose -2*n - 4*q + 168 = 0, 487 - 159 = 4*n + 4*q. Suppose 0 = 16*r + 452 - 1220. Calculate the highest common divisor of r and n.
16
Let c(g) = -5*g - 29. Let i be c(-7). Let b be 2/i + 2024/(-33). Let l = 75 + b. What is the greatest common factor of l and 14?
14
Let b(p) = p**2 - 9*p - 31. Let a be b(14). Let t = a + -61. Let i be t/(((-6)/(-10))/((-12)/8)). Calculate the highest common factor of i and 5.
5
Let i(p) = p - 2*p**2 - 13 + 41 - 18 - 2*p**2 + 5*p**3. Let n be i(3). What is the greatest common factor of 14 and n?
14
Suppose -r + 0*r = -3*s + 214, -3*r = -15. Let w = -127 + 273. Calculate the greatest common divisor of w and s.
73
Let t(i) = -i**3 - i**2 + 6. Let m be t(0). Let x be (3 - (-435)/25)*(22 - 17). What is the highest common factor of m and x?
6
Let p(l) = l**3 - 9*l**2 + 18*l - 22. Let c be p(7). Let m(d) = -12*d + 144. Let j be m(c). Suppose -v = -4 - 5. What is the greatest common factor of j and v?
9
Suppose 59*s + 7931 = 66*s. Let v = -782 + s. What is the greatest common factor of v and 39?
39
Suppose 0 = 2*p - 2*j - 1490, 4*j + 1943 = -5*p + 5704. Calculate the highest common divisor of 963 and p.
107
Let b be (-7 + 46/6)/((-2)/(-6)). Suppose -y + 58 = b*f + 9, -4*y - 64 = -2*f. Calculate the greatest common divisor of 91 and f.
13
Let c(j) = -10*j - 54. Let i be c(-7). Let y = 159 + -139. Calculate the highest common divisor of i and y.
4
Let r(t) = -t**3 - 3*t**2 - 4*t + 9. Let o be r(2). Let m be 250/(-8)*o/((-57)/(-36)). Calculate the highest common factor of 225 and m.
75
Let t be (-56)/(-14) - (2/5)/((-1)/330). Calculate the highest common divisor of 6664 and t.
136
Let v = -4 + 25. Suppose -2*m + 168 = 644. Let f = m - -511. Calculate the highest common divisor of v and f.
21
Let q = 22460 - 22456. Calculate the greatest common divisor of 233 and q.
1
Let d = 3986 - 3894. Calculate the highest common factor of 69 and d.
23
Suppose 3*n + 12 - 24 = 0. What is the highest common factor of 412 and n?
4
Let l(h) = h**3 + 38*h**2 + 35*h - 721. Let r be l(-35). Calculate the highest common factor of r and 273.
91
Let u(d) = -d**3 - 28*d**2 - 28*d + 53. Let o be u(-27). Suppose 0 = 7*q - 941 + 829. Calculate the greatest common divisor of o and q.
16
Suppose -3*s - 5*p = -81, s = 3*s + 3*p - 54. Suppose 284 + 286 = 5*m. Suppose -123*r + m*r = -648. Calculate the greatest common factor of r and s.
9
Let t = 1796 - 1663. Calculate the highest common factor of t and 7.
7
Let m = 1734 - -449. What is the greatest common factor of 37 and m?
37
Let k(r) = -161*r + 4216. Let s be k(26). What is the highest common divisor of s and 890?
10
Suppose -77*h + 76*h - 4*j = -147, j = 0. What is the highest common factor of 9310 and h?
49
Let m be 46 + 20*(-14)/35. What is the highest common divisor of m and 5833?
19
Let z(g) = -140*g - 2429. Let j be z(-42). What is the greatest common divisor of 119 and j?
119
Let b be (8/6)/(2/456). Suppose -5545*o = -6033*o + 7808. What is the highest common divisor of o and b?
16
Let i = 243758 - 243710. Let c(t) = 2*t**2 + 7*t - 6. Let y be c(-6). What is the greatest common factor of y and i?
24
Suppose 81*k - 16019 = -19*k + 25381. What is the highest common factor of k and 598?
46
Suppose 296 - 172 = -220*b + 1444. Calculate the highest common divisor of 734 and b.
2
Let i = 7716 + -7669. Calculate the highest common divisor of i and 4747.
47
Suppose -199*r + 88*r + 2886 = 0. Suppose -2*k = 2*k - 1768. What is the greatest common factor of k and r?
26
Let l = 41 - 216. Let h = l + 271. Calculate the highest common factor of h and 12.
12
Suppose -3*y + 38 = -21*v + 22*v, -v = y - 20. Let f = 2 - 3. Let p be (2 + f)/((-1)/(-1)). Calculate the greatest common factor of y and p.
1
Let v be 27/(-6)*(-12)/(-9) + 398. Calculate the greatest common factor of 56 and v.
56
Suppose -67*z = -69*z, 4*u - 3*z - 3740 = 0. Calculate the highest common divisor of u and 680.
85
Let a be 3/(-36) - (-6583)/(-348). Let h be (25 + a)*((-13)/(-2) - 0). What is the highest common factor of 9 and h?
3
Let o be 4/132 + (-1068136)/(-264). What is the highest common factor of 68 and o?
34
Let g be (-9 - 52/(-6))/((-3)/396). Calculate the greatest common factor of g and 594.
22
Let v be (6 - 75/20)/(2/40). Suppose j = 2 + 7. Suppose -j = -4*k + 11. What is the highest common divisor of v and k?
5
Let u be (-3)/2*(-532)/(-114). Let k be 512 + u/((-42)/24). Calculate the greatest common factor of k and 12.
12
Let q = -5359 - -6763. What is the greatest common divisor of 96 and q?
12
Let b(g) = -2*g**2 - 4*g - 3. Let w be b(13). Let v = -344 - w. Calculate the greatest common divisor of 14 and v.
7
Suppose 2*j = -t + 5210, 8 = -j + 15. Calculate the greatest common divisor of t and 6.
6
Suppose -5 - 112 = -13*a. Let y = 75 + -73. Suppose -5*j + y*t - 13 = -8, 0 = 4*j - 2*t + 6. Calculate the highest common divisor of a and j.
1
Let f = 4792 - 3550. What is the highest common divisor of 54 and f?
54
Let i be -768*(-1 - (-35)/15 - (-6 + 8)). Calculate the greatest common divisor of i and 240.
16
Let y be (1602/(-445))/((-2)/90 - 0). Let r(k) = 6*k - 6. Let s be r(3). What is the greatest common divisor of y and s?
6
Suppose 2*i + 10 + 12 = -l, 2 = -i. Let x be ((-4)/l)/(6/54). Suppose -5*h + x*b = -3*b - 565, -h = 3*b - 93. What is the highest common factor of 12 and h?
12
Let o = 2832 + -2034. Calculate the highest common factor of 210 and o.
42
Let l = -194 - -201. Let k be (-6 + l)/(4/1364). Calculate the highest common divisor of k and 22.
11
Let i(t) = 4*t. Let a be i(3). Let b(j) be th